{"id":134,"date":"2018-07-02T08:38:05","date_gmt":"2018-07-02T08:38:05","guid":{"rendered":"http:\/\/wp.5sl.org\/?page_id=134"},"modified":"2018-07-17T11:12:19","modified_gmt":"2018-07-17T11:12:19","slug":"referenzen","status":"publish","type":"page","link":"https:\/\/www.5sl.org\/?page_id=134","title":{"rendered":"Referenzen"},"content":{"rendered":"<p class=\"bodytext\">Das B\u00fcrgernetz hat in den vergangenen Jahren je nach Zeitgeist Projekte mit unterschiedlichen Schwerpunkten\u00a0 umgesetzt oder begleitet.<\/p>\n<p class=\"bodytext\">Gerade bei trendigen Themen wie der <a class=\"internal-link\" title=\"Opens internal link in current window\" href=\"http:\/\/wp.5sl.org\/?page_id=65\" target=\"_self\">Web-Cam<\/a> und der Wetterstation waren wir bei den ersten dabei. Auch \u00f6ffentlichkeitswirksame Ma\u00dfnahmen wie den <a class=\"external-link-new-window\" title=\"Landkreislauf in neuem Fenster\" href=\"https:\/\/www.lk-starnberg.de\/B%C3%BCrgerservice\/Sport\/Landkreislauf\" target=\"_blank\" rel=\"noopener noreferrer\">Landkreislauf<\/a> haben wir mit unserer Technik schon h\u00e4ufig unterst\u00fctzt.<\/p>\n<p class=\"bodytext\">Im Jahr 1999 haben wir die Web-Auftritte des Landratsamtes und der Gemeinden auf den Weg gebracht. Das war f\u00fcr die kommunalen Gebietsk\u00f6rperschaften im Landkreis Starnberg der Einstieg in die Internetwelt. Insbesondere die von uns aufgebaute Homepage der Stadt Starnberg erhielt in der Presse sowie im Fernsehen viel Lob.<\/p>\n<p class=\"bodytext\">Inzwischen hat sich im schnelllebigen Internet angesichts der wachsenden Komplexit\u00e4t von Online-Anwendungen einiges ver\u00e4ndert.<br \/>\nBeh\u00f6rden und Unternehmen sind f\u00fcr transaktionsorientierte Web-Dienste auf kommerzielle Systeme und spezialisierte Dienstleister auf dem freien Markt angewiesen.<\/p>\n<p class=\"bodytext\">Wir begleiten unsere Stammkunden und aktuelle Projekte weiterhin bedarfsgerecht.<\/p>\n","protected":false},"excerpt":{"rendered":"<p>Das B\u00fcrgernetz hat in den vergangenen Jahren je nach Zeitgeist Projekte mit unterschiedlichen Schwerpunkten\u00a0 umgesetzt oder begleitet. Gerade bei trendigen Themen wie der Web-Cam und der Wetterstation waren wir bei den ersten dabei. Auch \u00f6ffentlichkeitswirksame Ma\u00dfnahmen wie den Landkreislauf haben wir mit unserer Technik schon h\u00e4ufig unterst\u00fctzt. Im Jahr 1999 haben wir die Web-Auftritte des &hellip; <a href=\"https:\/\/www.5sl.org\/?page_id=134\" class=\"more-link\"><span class=\"screen-reader-text\">&#8222;Referenzen&#8220; <\/span>weiterlesen<\/a><\/p>\n","protected":false},"author":2,"featured_media":0,"parent":0,"menu_order":0,"comment_status":"closed","ping_status":"closed","template":"","meta":[],"_links":{"self":[{"href":"https:\/\/www.5sl.org\/index.php?rest_route=\/wp\/v2\/pages\/134"}],"collection":[{"href":"https:\/\/www.5sl.org\/index.php?rest_route=\/wp\/v2\/pages"}],"about":[{"href":"https:\/\/www.5sl.org\/index.php?rest_route=\/wp\/v2\/types\/page"}],"author":[{"embeddable":true,"href":"https:\/\/www.5sl.org\/index.php?rest_route=\/wp\/v2\/users\/2"}],"replies":[{"embeddable":true,"href":"https:\/\/www.5sl.org\/index.php?rest_route=%2Fwp%2Fv2%2Fcomments&post=134"}],"version-history":[{"count":2,"href":"https:\/\/www.5sl.org\/index.php?rest_route=\/wp\/v2\/pages\/134\/revisions"}],"predecessor-version":[{"id":188,"href":"https:\/\/www.5sl.org\/index.php?rest_route=\/wp\/v2\/pages\/134\/revisions\/188"}],"wp:attachment":[{"href":"https:\/\/www.5sl.org\/index.php?rest_route=%2Fwp%2Fv2%2Fmedia&parent=134"}],"curies":[{"name":"wp","href":"https:\/\/api.w.org\/{rel}","templated":true}]}}