{"id":37,"date":"2016-12-31T14:44:45","date_gmt":"2016-12-31T14:44:45","guid":{"rendered":"http:\/\/5sl.org\/~5sl\/5sl_wp\/?page_id=37"},"modified":"2016-12-31T14:45:39","modified_gmt":"2016-12-31T14:45:39","slug":"buergernetz-partner","status":"publish","type":"page","link":"https:\/\/www.5sl.org\/?page_id=37","title":{"rendered":"B\u00fcrgernetz Partner"},"content":{"rendered":"<h2>Haus der bayerischen Landwirtschaft<\/h2>\n<p class=\"bodytext\">Das Haus der bayerischen Landwirtschaft in Herrsching stellt dem B\u00fcrgernetz im F\u00fcnf-Seen-Land seit Mai 2016 R\u00e4ume und Ressourcen f\u00fcr die regelm\u00e4\u00dfigen Treffen des Technik-Teams zur Verf\u00fcgung.<\/p>\n<p class=\"bodytext\"><a class=\"external-link-new-window\" title=\"Opens external link in new window\" href=\"http:\/\/www.hdbl-herrsching.de\/\" target=\"_blank\">http:\/\/www.hdbl-herrsching.de<\/a><\/p>\n","protected":false},"excerpt":{"rendered":"<p>Haus der bayerischen Landwirtschaft Das Haus der bayerischen Landwirtschaft in Herrsching stellt dem B\u00fcrgernetz im F\u00fcnf-Seen-Land seit Mai 2016 R\u00e4ume und Ressourcen f\u00fcr die regelm\u00e4\u00dfigen Treffen des Technik-Teams zur Verf\u00fcgung. http:\/\/www.hdbl-herrsching.de<\/p>\n","protected":false},"author":1,"featured_media":0,"parent":17,"menu_order":0,"comment_status":"closed","ping_status":"closed","template":"","meta":[],"_links":{"self":[{"href":"https:\/\/www.5sl.org\/index.php?rest_route=\/wp\/v2\/pages\/37"}],"collection":[{"href":"https:\/\/www.5sl.org\/index.php?rest_route=\/wp\/v2\/pages"}],"about":[{"href":"https:\/\/www.5sl.org\/index.php?rest_route=\/wp\/v2\/types\/page"}],"author":[{"embeddable":true,"href":"https:\/\/www.5sl.org\/index.php?rest_route=\/wp\/v2\/users\/1"}],"replies":[{"embeddable":true,"href":"https:\/\/www.5sl.org\/index.php?rest_route=%2Fwp%2Fv2%2Fcomments&post=37"}],"version-history":[{"count":1,"href":"https:\/\/www.5sl.org\/index.php?rest_route=\/wp\/v2\/pages\/37\/revisions"}],"predecessor-version":[{"id":38,"href":"https:\/\/www.5sl.org\/index.php?rest_route=\/wp\/v2\/pages\/37\/revisions\/38"}],"up":[{"embeddable":true,"href":"https:\/\/www.5sl.org\/index.php?rest_route=\/wp\/v2\/pages\/17"}],"wp:attachment":[{"href":"https:\/\/www.5sl.org\/index.php?rest_route=%2Fwp%2Fv2%2Fmedia&parent=37"}],"curies":[{"name":"wp","href":"https:\/\/api.w.org\/{rel}","templated":true}]}}